 - 21a?
6ddc
In base 5, what is 0 + -403110212?
-403110212
In base 14, what is 113c4 + 42?
11426
In base 13, what is -1282 - 8a49?
-9ccb
In base 4, what is -211301133210131 + -3?
-211301133210200
In base 15, what is -3 - 343ec3?
-343ec6
In base 10, what is -5 - -10486088?
10486083
In base 2, what is -1001000001 + 11111010011111010011?
11111010010110010010
In base 4, what is 12 - -23221012303?
23221012321
In base 7, what is -1566060365 + 4?
-1566060361
In base 16, what is -15cd - -82b?
-da2
In base 14, what is a978a9 - 3?
a978a6
In base 11, what is 11 + -25734444?
-25734433
In base 3, what is 110000220110220 + -1121?
110000220102022
In base 11, what is 11 - 534a57?
-534a46
In base 9, what is -1240505 - 105?
-1240611
In base 11, what is -82549a1 + 15?
-8254987
In base 6, what is -11400 - -14255?
2455
In base 6, what is 3 + -1345341534?
-1345341531
In base 11, what is -5 + a9689292?
a9689288
In base 15, what is 6e0 + -b82?
-492
In base 9, what is -12 - -2178471?
2178458
In base 12, what is -73aa633 + -2?
-73aa635
In base 11, what is -62016 + 1?
-62015
In base 5, what is -102330 + -3031?
-110411
In base 5, what is 3424 - 4133032?
-4124103
In base 7, what is 5656 + -31420?
-22431
In base 9, what is -36210 + 138648?
102438
In base 7, what is -12 + -6351433?
-6351445
In base 3, what is 22 + 110000122211121001?
110000122211121100
In base 10, what is -7 - -19965656?
19965649
In base 10, what is 14903 - -661?
15564
In base 7, what is 41 + -126543264?
-126543223
In base 8, what is 25012417 + -3?
25012414
In base 15, what is 7 - -25a9933?
25a993a
In base 4, what is 2003033112 + 2010?
2003101122
In base 4, what is 1003232313013101 + -10?
1003232313013031
In base 8, what is 465261 - 5740?
457321
In base 8, what is 30532 - -312?
31044
In base 4, what is 321221021 + 122?
321221203
In base 10, what is 4030 + -182799?
-178769
In base 10, what is 4 + 12419790?
12419794
In base 15, what is 2 - 9dc619?
-9dc617
In base 10, what is 32 - 1576952?
-1576920
In base 5, what is -1432211 - -11234?
-1420422
In base 3, what is 20221020 + 1011121121?
1102112211
In base 16, what is -16c2d655 + 2?
-16c2d653
In base 16, what is 1ca6 + 128?
1dce
In base 2, what is 1101011111 + 11111001111?
101100101110
In base 10, what is 538 + 179531?
180069
In base 16, what is 387275 + 5?
38727a
In base 7, what is 146163303 + 5?
146163311
In base 11, what is -a919 - 10a36?
-20854
In base 6, what is 105522542221 - -4?
105522542225
In base 4, what is 121 - -2000212003?
2000212130
In base 2, what is 1100011100010011 + 110010?
1100011101000101
In base 11, what is -1 - -2284268?
2284267
In base 6, what is 10015203 + 22?
10015225
In base 7, what is 1441 - 1654434?
-1652663
In base 8, what is 2425 + -20136?
-15511
In base 10, what is 10755 - 19466?
-8711
In base 16, what is -734de + 11b?
-733c3
In base 10, what is 5 + -3494579?
-3494574
In base 16, what is 5 + -135a30?
-135a2b
In base 4, what is -11 - -231201333313?
231201333302
In base 3, what is -2021002211202 - -1211?
-2021002202221
In base 3, what is 1211 - 12201002001112?
-12201001222201
In base 10, what is 2515759 - -336?
2516095
In base 9, what is -1 - -256688005?
256688004
In base 10, what is -69920336 + 6?
-69920330
In base 12, what is -200 - -48133?
47b33
In base 6, what is 132525505 + -5?
132525500
In base 5, what is -4000 + 113200?
104200
In base 7, what is 3656 - -36052?
43041
In base 15, what is 2aad9e6 - -4?
2aad9ea
In base 16, what is -92 + -2f30c?
-2f39e
In base 15, what is 2200 + -bc77?
-9a77
In base 3, what is -110000001 + 122000?
-102101001
In base 15, what is 15 - 268975e?
-2689749
In base 6, what is 33345454 + -5144?
33340310
In base 14, what is 1c1267b - -9?
1c12686
In base 3, what is -102111010 + 1012221?
-101021012
In base 7, what is -102632406 - -14?
-102632362
In base 10, what is -10 - -3692902?
3692892
In base 15, what is -1a67e4ac + -3?
-1a67e4b0
In base 5, what is -20442444 + 121041?
-20321403
In base 10, what is 48175 - 64?
48111
In base 15, what is 1b87396 + -3?
1b87393
In base 12, what is 8779073 - 2?
8779071
In base 7, what is 1556110326 - -2?
1556110331
In base 10, what is -1046487 + -35?
-1046522
In base 15, what is -6a24e7 + 4?
-6a24e3
In base 15, what is -4 - 340801?
-340805
In base 12, what is -37660 + -164?
-37804
In base 8, what is 22553 + -1532?
21021
In base 13, what is -ab7 + -2c975?
-3075c
In base 8, what is 3 + -2711277101?
-2711277076
In base 3, what is -201012021200201 - 11?
-201012021200212
In base 9, what is -67 + 2785362?
2785284
In base 6, what is -30232031 - -1030?
-30231001
In base 3, what is 0 + -11202102102211?
-11202102102211
In base 11, what is -368 - -3a796?
3a429
In base 5, what is -332 - -20134200?
20133313
In base 16, what is 3 - 7912da5?
-7912da2
In base 15, what is -5 + -221cbe?
-221cc4
In base 15, what is -67 + 2da794?
2da72c
In base 16, what is -1 - 5b7?
-5b8
In base 11, what is -4 + 4598650?
4598647
In base 14, what is 5 + -14211440?
-14211439
In base 16, what is -1c7503 + 2?
-1c7501
In base 4, what is 2001310022111 - 2?
2001310022103
In base 7, what is -1136 + -263545?
-265014
In base 2, what is 10101101111110101111 - -110?
10101101111110110101
In base 11, what is 203 + -220640?
-220438
In base 15, what is -4761 - -4e28?
6b7
In base 10, what is -9 - -177188?
177179
In base 5, what is 4014341224 + 2?
4014341231
In base 2, what is -10001011000 - -1111000000?
-10011000
In base 3, what is -121110110 - -2200222?
-111202111
In base 5, what is -221232 + -243331?
-1020113
In base 12, what is 3128 - -17306?
1a432
In base 8, what is 6525 - 4650?
1655
In base 14, what is -5 + 5cdbc54?
5cdbc4d
In base 6, what is 551 - -24451?
25442
In base 7, what is 1215130503 + -5?
1215130465
In base 3, what is -200011011 - -201001?
-122110010
In base 9, what is -187180 + 311?
-186768
In base 2, what is -1110111010110011 - -1111000100?
-1110101011101111
In base 8, what is 227 + -630435?
-630206
In base 4, what is 10000203201200 - 0?
10000203201200
In base 5, what is -32302 - -1014113?
431311
In base 3, what is 2202000020011 - 2?
2202000020002
In base 3, what is 12001002121212012 + -10?
12001002121212002
In base 3, what is -2 + -2010211101121?
-2010211101200
In base 10, what is 3666904 + -2?
3666902
In base 3, what is 201 + -102112010211?
-102112010010
In base 8, what is -2645 - -60476?
55631
In base 5, what is -130132011 - 220?
-130132231
In base 11, what is -979a44 - 0?
-979a44
In base 5, what is -312341 + -20342?
-333233
In base 12, what is 4b + -145917?
-145888
In base 4, what is 131113020120230 + 3?
131113020120233
In base 16, what is -60a + 443c?
3e32
In base 4, what is 0 + 320230113?
320230113
In base 12, what is -20b + 74bb?
72b0
In base 6, what is -11535 - 103555?
-115534
In base 10, what is -8228901 - 14?
-8228915
In base 5, what is -2234110234 + -4?
-2234110243
In base 13, what is b + 4a94022?
4a94030
In base 2, what is 10011110110101010010 - 1101001?
10011110110011101001
In base 3, what is -1012100 - 100100202?
-101120002
In base 2, what is -1001111100010001000011 - 1010000?
-1001111100010010010011
In base 9, what is -1440 - 57374?
-58824
In base 15, what is -848c5 + 218?
-846ac
In base 6, what is -5 - -135223053?
135223044
In base 15, what is -2d9 + 158cd?
155e4
In base 10, what is 46 - 3043?
-2997
In base 8, what is -54700312 + 2?
-54700310
In base 10, what is -4657727 - 2?
-4657729
In base 2, what is -100001 - 1110010010100010000100?
-1110010010100010100101
In base 12, what is 20 + 116327?
116347
In base 11, what is -4 - -40959435?
40959431
In base 10, what is 15816688 - -9?
15816697
In base 8, what is -4655 - -24301?
17424
In base 6, what is 2542445035 + 3?
2542445042
In base 12, what is -22 + -3b89689?
-3b896ab
In base 4, what is -311021220121 - -10?
-311021220111
In base 14, what is -13 + 34ac937?
34ac924
In base 6, what is -23 + 424521425?
424521402
In base 6, what is -250310001 + -1215?
-250311220
In base 12, what is -19a455 - -75?
-19a3a0
In base 11, what is -135705 - -260?
-135455
In base 7, what is 4414 + -454436?
-450022
In base 14, what is 83 + 93911b?
9391a0
In base 3, what is 111000001110 + 121122?
111000200002
In base 14, what is -44402 - 21d?
-44621
In base 2, what is 110000000000110100001001111 + 110?
110000000000110100001010101
In base 16, what is -244 + 106cc?
10488
In base 